{"id":162,"date":"2020-06-15T06:47:57","date_gmt":"2020-06-15T06:47:57","guid":{"rendered":"http:\/\/thuocnam.muathemedep.vn\/?post_type=product&#038;p=162"},"modified":"2020-06-15T06:59:21","modified_gmt":"2020-06-15T06:59:21","slug":"pqa-dang-thanh","status":"publish","type":"product","link":"https:\/\/webthuocnam.vidoweb.vn\/?product=pqa-dang-thanh","title":{"rendered":"PQA D\u00e1ng Thanh"},"content":{"rendered":"<h2>C\u00f4ng d\u1ee5ng<\/h2>\n<p>H\u1ed7 tr\u1ee3 t\u0103ng c\u01b0\u1eddng chuy\u1ec3n h\u00f3a ch\u1ea5t b\u00e9o, h\u1ed7 tr\u1ee3 gi\u1ea3m b\u00e9o<\/p>\n<h2>\u0110\u1ed1i t\u01b0\u1ee3ng s\u1eed d\u1ee5ng<\/h2>\n<p>Ng\u01b0\u1eddi th\u1eeba c\u00e2n, b\u00e9o ph\u00ec, ng\u01b0\u1eddi c\u00f3 nhu c\u1ea7u gi\u1ea3m b\u00e9o.<\/p>\n<h2>Th\u00e0nh ph\u1ea7n th\u1ea3o d\u01b0\u1ee3c<\/h2>\n<p>Gi\u1ea3o c\u1ed5 lam: 4g<\/p>\n<p>L\u00e1 sen: 3g<\/p>\n<p>S\u1eed qu\u00e2n t\u1eed: 2,6g<\/p>\n<p>T\u00e2n lang: 1,3g<\/p>\n<p>Ph\u1ee5 li\u1ec7u: n\u01b0\u1edbc tinh khi\u1ebft v\u1eeba \u0111\u1ee7 10ml<\/p>\n<h2>C\u00e1ch d\u00f9ng<\/h2>\n<p>Ng\u00e0y u\u1ed1ng 3 l\u1ea7n sau khi \u0103n<\/p>\n<p>Ng\u01b0\u1eddi 16 tu\u1ed5i tr\u1edf l\u00ean: m\u1ed7i l\u1ea7n u\u1ed1ng 15ml<\/p>\n<p>Ng\u01b0\u1eddi l\u1edbn: m\u1ed7i l\u1ea7n 20ml<\/p>\n<p>M\u1ed7i \u0111\u1ee3t n\u00ean d\u00f9ng 3 th\u00e1ng n\u00ean d\u00f9ng 2-3 \u0111\u1ee3t. Ho\u1eb7c theo s\u1ef1 ch\u1ec9 d\u1eabn c\u1ee7a th\u1ea7y thu\u1ed1c<\/p>\n<h3>L\u01b0u \u00fd:<\/h3>\n<ul>\n<li>\u00a0C\u00f3 cao l\u1eafng, n\u00ean l\u1eafc \u0111\u1ec1u u\u1ed1ng h\u1ebft.<\/li>\n<li>\u00a0K\u1ebft h\u1ee3p ch\u1ebf \u0111\u1ed9 \u0103n \u00edt ch\u1ea5t b\u00e9o, tinh b\u1ed9t, ch\u1ea5t ng\u1ecdt, t\u0103ng c\u01b0\u1eddng v\u1eadn \u0111\u1ed9ng gi\u00fap \u0111\u1ea1t hi\u1ec7u qu\u1ea3 t\u1ed1t.<\/li>\n<\/ul>\n<p><strong>C\u1ea3nh b\u00e1o v\u1ec1 s\u1ee9c kh\u1ecfe:<\/strong><\/p>\n<ul>\n<li>\u00a0Kh\u00f4ng d\u00f9ng cho ph\u1ee5 n\u1eef c\u00f3 thai, ng\u01b0\u1eddi d\u01b0\u1edbi 16 tu\u1ed5i, ph\u1ee5 n\u1eef mang thai, cho con b\u00fa, ng\u01b0\u1eddi c\u00f3 ti\u1ec1n s\u1eed tim m\u1ea1ch, huy\u1ebft \u00e1p, ti\u1ec3u \u0111\u01b0\u1eddng, ng\u01b0\u1eddi m\u1eabn c\u1ea3m v\u1edbi b\u1ea5t k\u1ef3 th\u00e0nh ph\u1ea7n n\u00e0o c\u1ee7a s\u1ea3n ph\u1ea9m n\u00e0y.<\/li>\n<li>Th\u1ef1c ph\u1ea9m n\u00e0y kh\u00f4ng ph\u1ea3i l\u00e0 thu\u1ed1c v\u00e0 kh\u00f4ng c\u00f3 t\u00e1c d\u1ee5ng thay th\u1ebf thu\u1ed1c ch\u1eefa b\u1ec7nh<\/li>\n<\/ul>\n<p><strong>B\u1ea2O QU\u1ea2N:<\/strong>\u00a0N\u01a1i kh\u00f4 r\u00e1o, tho\u00e1ng m\u00e1t, tr\u00e1nh \u00e1nh s\u00e1ng tr\u1ef1c ti\u1ebfp.<\/p>\n<p><strong>H\u1ea0N D\u00d9NG<\/strong>: 36 th\u00e1ng k\u1ec3 t\u1eeb ng\u00e0y s\u1ea3n xu\u1ea5t. Ng\u00e0y s\u1ea3n xu\u1ea5t v\u00e0 h\u1ea1n s\u1eed d\u1ee5ng ghi \u1edf tr\u00ean nh\u00e3n s\u1ea3n ph\u1ea9m.<\/p>\n","protected":false},"excerpt":{"rendered":"<p>H\u1ed7 tr\u1ee3 gi\u1ea3m b\u00e9o, chuy\u1ec3n h\u00f3a ch\u1ea5t b\u00e9o<\/p>\n","protected":false},"featured_media":164,"comment_status":"open","ping_status":"closed","template":"","meta":[],"product_brand":[],"product_cat":[15],"product_tag":[],"class_list":{"0":"post-162","1":"product","2":"type-product","3":"status-publish","4":"has-post-thumbnail","6":"product_cat-sac-dep","8":"first","9":"instock","10":"featured","11":"shipping-taxable","12":"purchasable","13":"product-type-simple"},"yoast_head":"<!-- This site is optimized with the Yoast SEO plugin v27.6 - https:\/\/yoast.com\/product\/yoast-seo-wordpress\/ -->\n<title>PQA D\u00e1ng Thanh - Thu\u1ed1c Nam<\/title>\n<meta name=\"robots\" content=\"noindex, follow, max-snippet:-1, max-image-preview:large, max-video-preview:-1\" \/>\n<meta property=\"og:locale\" content=\"vi_VN\" \/>\n<meta property=\"og:type\" content=\"article\" \/>\n<meta property=\"og:title\" content=\"PQA D\u00e1ng Thanh - Thu\u1ed1c Nam\" \/>\n<meta property=\"og:description\" content=\"H\u1ed7 tr\u1ee3 gi\u1ea3m b\u00e9o, chuy\u1ec3n h\u00f3a ch\u1ea5t b\u00e9o\" \/>\n<meta property=\"og:url\" content=\"https:\/\/webthuocnam.vidoweb.vn\/?product=pqa-dang-thanh\" \/>\n<meta property=\"og:site_name\" content=\"Thu\u1ed1c Nam\" \/>\n<meta property=\"article:modified_time\" content=\"2020-06-15T06:59:21+00:00\" \/>\n<meta property=\"og:image\" content=\"https:\/\/webthuocnam.vidoweb.vn\/wp-content\/uploads\/2020\/06\/pqa-dang-thanh15822737184-1.jpg\" \/>\n\t<meta property=\"og:image:width\" content=\"600\" \/>\n\t<meta property=\"og:image:height\" content=\"430\" \/>\n\t<meta property=\"og:image:type\" content=\"image\/jpeg\" \/>\n<meta name=\"twitter:card\" content=\"summary_large_image\" \/>\n<meta name=\"twitter:label1\" content=\"\u01af\u1edbc t\u00ednh th\u1eddi gian \u0111\u1ecdc\" \/>\n\t<meta name=\"twitter:data1\" content=\"2 ph\u00fat\" \/>\n<script type=\"application\/ld+json\" class=\"yoast-schema-graph\">{\"@context\":\"https:\\\/\\\/schema.org\",\"@graph\":[{\"@type\":\"WebPage\",\"@id\":\"https:\\\/\\\/webthuocnam.vidoweb.vn\\\/?product=pqa-dang-thanh\",\"url\":\"https:\\\/\\\/webthuocnam.vidoweb.vn\\\/?product=pqa-dang-thanh\",\"name\":\"PQA D\u00e1ng Thanh - Thu\u1ed1c Nam\",\"isPartOf\":{\"@id\":\"https:\\\/\\\/webthuocnam.vidoweb.vn\\\/#website\"},\"primaryImageOfPage\":{\"@id\":\"https:\\\/\\\/webthuocnam.vidoweb.vn\\\/?product=pqa-dang-thanh#primaryimage\"},\"image\":{\"@id\":\"https:\\\/\\\/webthuocnam.vidoweb.vn\\\/?product=pqa-dang-thanh#primaryimage\"},\"thumbnailUrl\":\"https:\\\/\\\/webthuocnam.vidoweb.vn\\\/wp-content\\\/uploads\\\/2020\\\/06\\\/pqa-dang-thanh15822737184-1.jpg\",\"datePublished\":\"2020-06-15T06:47:57+00:00\",\"dateModified\":\"2020-06-15T06:59:21+00:00\",\"breadcrumb\":{\"@id\":\"https:\\\/\\\/webthuocnam.vidoweb.vn\\\/?product=pqa-dang-thanh#breadcrumb\"},\"inLanguage\":\"vi\",\"potentialAction\":[{\"@type\":\"ReadAction\",\"target\":[\"https:\\\/\\\/webthuocnam.vidoweb.vn\\\/?product=pqa-dang-thanh\"]}]},{\"@type\":\"ImageObject\",\"inLanguage\":\"vi\",\"@id\":\"https:\\\/\\\/webthuocnam.vidoweb.vn\\\/?product=pqa-dang-thanh#primaryimage\",\"url\":\"https:\\\/\\\/webthuocnam.vidoweb.vn\\\/wp-content\\\/uploads\\\/2020\\\/06\\\/pqa-dang-thanh15822737184-1.jpg\",\"contentUrl\":\"https:\\\/\\\/webthuocnam.vidoweb.vn\\\/wp-content\\\/uploads\\\/2020\\\/06\\\/pqa-dang-thanh15822737184-1.jpg\",\"width\":600,\"height\":430},{\"@type\":\"BreadcrumbList\",\"@id\":\"https:\\\/\\\/webthuocnam.vidoweb.vn\\\/?product=pqa-dang-thanh#breadcrumb\",\"itemListElement\":[{\"@type\":\"ListItem\",\"position\":1,\"name\":\"Trang ch\u1ee7\",\"item\":\"https:\\\/\\\/webthuocnam.vidoweb.vn\\\/\"},{\"@type\":\"ListItem\",\"position\":2,\"name\":\"C\u1eeda h\u00e0ng\",\"item\":\"https:\\\/\\\/webthuocnam.vidoweb.vn\\\/?page_id=6\"},{\"@type\":\"ListItem\",\"position\":3,\"name\":\"S\u1eafc \u0111\u1eb9p\",\"item\":\"https:\\\/\\\/webthuocnam.vidoweb.vn\\\/?product_cat=sac-dep\"},{\"@type\":\"ListItem\",\"position\":4,\"name\":\"PQA D\u00e1ng Thanh\"}]},{\"@type\":\"WebSite\",\"@id\":\"https:\\\/\\\/webthuocnam.vidoweb.vn\\\/#website\",\"url\":\"https:\\\/\\\/webthuocnam.vidoweb.vn\\\/\",\"name\":\"Thu\u1ed1c Nam\",\"description\":\"\",\"potentialAction\":[{\"@type\":\"SearchAction\",\"target\":{\"@type\":\"EntryPoint\",\"urlTemplate\":\"https:\\\/\\\/webthuocnam.vidoweb.vn\\\/?s={search_term_string}\"},\"query-input\":{\"@type\":\"PropertyValueSpecification\",\"valueRequired\":true,\"valueName\":\"search_term_string\"}}],\"inLanguage\":\"vi\"}]}<\/script>\n<!-- \/ Yoast SEO plugin. -->","yoast_head_json":{"title":"PQA D\u00e1ng Thanh - Thu\u1ed1c Nam","robots":{"index":"noindex","follow":"follow","max-snippet":"max-snippet:-1","max-image-preview":"max-image-preview:large","max-video-preview":"max-video-preview:-1"},"og_locale":"vi_VN","og_type":"article","og_title":"PQA D\u00e1ng Thanh - Thu\u1ed1c Nam","og_description":"H\u1ed7 tr\u1ee3 gi\u1ea3m b\u00e9o, chuy\u1ec3n h\u00f3a ch\u1ea5t b\u00e9o","og_url":"https:\/\/webthuocnam.vidoweb.vn\/?product=pqa-dang-thanh","og_site_name":"Thu\u1ed1c Nam","article_modified_time":"2020-06-15T06:59:21+00:00","og_image":[{"width":600,"height":430,"url":"https:\/\/webthuocnam.vidoweb.vn\/wp-content\/uploads\/2020\/06\/pqa-dang-thanh15822737184-1.jpg","type":"image\/jpeg"}],"twitter_card":"summary_large_image","twitter_misc":{"\u01af\u1edbc t\u00ednh th\u1eddi gian \u0111\u1ecdc":"2 ph\u00fat"},"schema":{"@context":"https:\/\/schema.org","@graph":[{"@type":"WebPage","@id":"https:\/\/webthuocnam.vidoweb.vn\/?product=pqa-dang-thanh","url":"https:\/\/webthuocnam.vidoweb.vn\/?product=pqa-dang-thanh","name":"PQA D\u00e1ng Thanh - Thu\u1ed1c Nam","isPartOf":{"@id":"https:\/\/webthuocnam.vidoweb.vn\/#website"},"primaryImageOfPage":{"@id":"https:\/\/webthuocnam.vidoweb.vn\/?product=pqa-dang-thanh#primaryimage"},"image":{"@id":"https:\/\/webthuocnam.vidoweb.vn\/?product=pqa-dang-thanh#primaryimage"},"thumbnailUrl":"https:\/\/webthuocnam.vidoweb.vn\/wp-content\/uploads\/2020\/06\/pqa-dang-thanh15822737184-1.jpg","datePublished":"2020-06-15T06:47:57+00:00","dateModified":"2020-06-15T06:59:21+00:00","breadcrumb":{"@id":"https:\/\/webthuocnam.vidoweb.vn\/?product=pqa-dang-thanh#breadcrumb"},"inLanguage":"vi","potentialAction":[{"@type":"ReadAction","target":["https:\/\/webthuocnam.vidoweb.vn\/?product=pqa-dang-thanh"]}]},{"@type":"ImageObject","inLanguage":"vi","@id":"https:\/\/webthuocnam.vidoweb.vn\/?product=pqa-dang-thanh#primaryimage","url":"https:\/\/webthuocnam.vidoweb.vn\/wp-content\/uploads\/2020\/06\/pqa-dang-thanh15822737184-1.jpg","contentUrl":"https:\/\/webthuocnam.vidoweb.vn\/wp-content\/uploads\/2020\/06\/pqa-dang-thanh15822737184-1.jpg","width":600,"height":430},{"@type":"BreadcrumbList","@id":"https:\/\/webthuocnam.vidoweb.vn\/?product=pqa-dang-thanh#breadcrumb","itemListElement":[{"@type":"ListItem","position":1,"name":"Trang ch\u1ee7","item":"https:\/\/webthuocnam.vidoweb.vn\/"},{"@type":"ListItem","position":2,"name":"C\u1eeda h\u00e0ng","item":"https:\/\/webthuocnam.vidoweb.vn\/?page_id=6"},{"@type":"ListItem","position":3,"name":"S\u1eafc \u0111\u1eb9p","item":"https:\/\/webthuocnam.vidoweb.vn\/?product_cat=sac-dep"},{"@type":"ListItem","position":4,"name":"PQA D\u00e1ng Thanh"}]},{"@type":"WebSite","@id":"https:\/\/webthuocnam.vidoweb.vn\/#website","url":"https:\/\/webthuocnam.vidoweb.vn\/","name":"Thu\u1ed1c Nam","description":"","potentialAction":[{"@type":"SearchAction","target":{"@type":"EntryPoint","urlTemplate":"https:\/\/webthuocnam.vidoweb.vn\/?s={search_term_string}"},"query-input":{"@type":"PropertyValueSpecification","valueRequired":true,"valueName":"search_term_string"}}],"inLanguage":"vi"}]}},"_links":{"self":[{"href":"https:\/\/webthuocnam.vidoweb.vn\/index.php?rest_route=\/wp\/v2\/product\/162","targetHints":{"allow":["GET"]}}],"collection":[{"href":"https:\/\/webthuocnam.vidoweb.vn\/index.php?rest_route=\/wp\/v2\/product"}],"about":[{"href":"https:\/\/webthuocnam.vidoweb.vn\/index.php?rest_route=\/wp\/v2\/types\/product"}],"replies":[{"embeddable":true,"href":"https:\/\/webthuocnam.vidoweb.vn\/index.php?rest_route=%2Fwp%2Fv2%2Fcomments&post=162"}],"wp:featuredmedia":[{"embeddable":true,"href":"https:\/\/webthuocnam.vidoweb.vn\/index.php?rest_route=\/wp\/v2\/media\/164"}],"wp:attachment":[{"href":"https:\/\/webthuocnam.vidoweb.vn\/index.php?rest_route=%2Fwp%2Fv2%2Fmedia&parent=162"}],"wp:term":[{"taxonomy":"product_brand","embeddable":true,"href":"https:\/\/webthuocnam.vidoweb.vn\/index.php?rest_route=%2Fwp%2Fv2%2Fproduct_brand&post=162"},{"taxonomy":"product_cat","embeddable":true,"href":"https:\/\/webthuocnam.vidoweb.vn\/index.php?rest_route=%2Fwp%2Fv2%2Fproduct_cat&post=162"},{"taxonomy":"product_tag","embeddable":true,"href":"https:\/\/webthuocnam.vidoweb.vn\/index.php?rest_route=%2Fwp%2Fv2%2Fproduct_tag&post=162"}],"curies":[{"name":"wp","href":"https:\/\/api.w.org\/{rel}","templated":true}]}}