{"id":179,"date":"2020-06-15T06:57:40","date_gmt":"2020-06-15T06:57:40","guid":{"rendered":"http:\/\/thuocnam.muathemedep.vn\/?post_type=product&#038;p=179"},"modified":"2020-06-15T06:59:08","modified_gmt":"2020-06-15T06:59:08","slug":"pqa-ngoc-to-nu","status":"publish","type":"product","link":"https:\/\/webthuocnam.vidoweb.vn\/?product=pqa-ngoc-to-nu","title":{"rendered":"PQA Ng\u1ecdc T\u1ed1 N\u1eef"},"content":{"rendered":"<div>Ng\u1ecdc t\u1ed1 n\u1eef PQA c\u00f3 02 s\u1ea3n ph\u1ea9m l\u00e0 Ng\u1ecdc t\u1ed1 n\u1eef t\u00edm v\u00e0 Ng\u1ecdc t\u1ed1 n\u1eef xanh.<\/div>\n<div><\/div>\n<div>Quy c\u00e1ch: H\u1ed9p 2 l\u1ecd (100 vi\u00ean v\u00e0 50 vi\u00ean\/l\u1ecd)<\/div>\n<div><\/div>\n<div><strong>PQA Ng\u1ecdc t\u1ed1 n\u1eef t\u00edm<\/strong><\/div>\n<div>\n<div><strong>Th\u00e0nh ph\u1ea7n c\u1ee7a PQA Ng\u1ecdc T\u1ed1 N\u1eef T\u00edm<\/strong><\/div>\n<div><\/div>\n<div>Tinh ch\u1ea5t m\u1ea7m \u0111\u1eadu n\u00e0nh: 400mg<\/div>\n<div><\/div>\n<div>Ph\u1ee5 li\u1ec7u v\u1eeba \u0111\u1ee7<\/p>\n<p><strong>C\u00f4ng d\u1ee5ng:<br \/>\n<\/strong><br \/>\nH\u1ed7 tr\u1ee3 c\u01a1 th\u1ec3 t\u0103ng ti\u1ebft estrogen t\u1ef1 nhi\u00ean, h\u1ed7 tr\u1ee3 gi\u1ea3m c\u00e1c bi\u1ec3u hi\u1ec7n r\u1ed1i lo\u1ea1n do thi\u1ebfu h\u1ee5t n\u1ed9i ti\u1ebft t\u1ed1 n\u1eef<\/p>\n<p><strong>\u0110\u1ed1i t\u01b0\u1ee3ng s\u1eed d\u1ee5ng:<br \/>\n<\/strong><br \/>\n&#8211; ph\u1ee5 n\u1eef tu\u1ed5i ti\u1ec1n m\u00e3n kinh, m\u00e3n kinh<br \/>\n&#8211; ph\u1ee5 n\u1eef thi\u1ebfu h\u1ee5t n\u1ed9i ti\u1ebft t\u1ed1 n\u1eef v\u1edbi c\u00e1c bi\u1ec3u hi\u1ec7n: ch\u1ee9c n\u0103ng sinh l\u00fd n\u1eef suy gi\u1ea3m, l\u00e3o h\u00f3a, kinh nguy\u1ec7t kh\u00f4ng \u0111\u1ec1u<\/p>\n<p>C\u00e1ch d\u00f9ng:<\/p>\n<p>&#8211; Ng\u00e0y u\u1ed1ng 1 l\u1ea7n 2 vi\u00ean v\u00e0o bu\u1ed5i t\u1ed1i. M\u1ed7i \u0111\u1ee3t d\u00f9ng li\u00ean t\u1ee5c 3 th\u00e1ng. N\u00ean d\u00f9ng 2, 3 \u0111\u1ee3t<\/p>\n<p>L\u01b0u \u00fd: kh\u00f4ng d\u00f9ng cho ph\u1ee5 n\u1eef c\u00f3 thai, ph\u1ee5 n\u1eef cho con b\u00fa, ph\u1ee5 n\u1eef trong nh\u1eefng ng\u00e0y h\u00e0nh kinh v\u00e0 nh\u1eefng b\u1ec7nh nh\u00e2n b\u1ecb ung th\u01b0 tuy\u1ebfn v\u00fa, ung th\u01b0 t\u1eed cung<\/p>\n<p>S\u1ed1 CBHQ: 5283\/2018\/\u0110KSP<br \/>\nS\u1ed1 XNQC: 00227\/2019\/ATTP-XNQC<\/p><\/div>\n<div><\/div>\n<div><strong>PQA Ng\u1ecdc t\u1ed1 n\u1eef xanh<\/strong><\/div>\n<div>\n<div><strong>Th\u00e0nh ph\u1ea7n<\/strong><\/div>\n<div><\/div>\n<div>\u00cdch m\u1eabu: 900 mg<br \/>\nB\u1ea1ch tru\u1eadt: 145mg<br \/>\n\u0110\u01b0\u01a1ng quy: 145mg<br \/>\nH\u01b0\u01a1ng ph\u1ee5: 145mg<br \/>\nB\u1ea1ch linh: 145mg<br \/>\nTh\u1ee5c \u0111\u1ecba: 145mg<br \/>\nXuy\u00ean khung: 145mg<br \/>\n\u00d4 d\u01b0\u1ee3c: 145mg<br \/>\nSinh \u0111\u1ecba: 145mg<br \/>\nQu\u1ea5t h\u1ed3ng: 145mg<br \/>\nB\u1ea1ch th\u01b0\u1ee3c: 145mg<br \/>\n\u0110\u1ea3ng s\u00e2m: 120mg<br \/>\nHo\u00e0ng C\u1ea7m: 70mg<br \/>\nA giao: 70mg<br \/>\nT\u00eda t\u00f4: 70mg<br \/>\nSa nh\u00e2n: 70mg<br \/>\nH\u1ed5 ph\u00e1ch: 70mg<br \/>\nM\u1ed9c h\u01b0\u01a1ng: 70mg<br \/>\nNg\u01b0u t\u1ea5t: 55mg<br \/>\nCam th\u1ea3o: 40mg<br \/>\nTr\u1ea7m h\u01b0\u01a1ng: 15mg<br \/>\nPh\u1ee5 li\u1ec7u: v\u1eeba \u0111\u1ee7<\/div>\n<div><\/div>\n<div><strong>C\u00f4ng d\u1ee5ng:<\/strong><\/div>\n<div><\/div>\n<div>&#8211; H\u1ed7 tr\u1ee3 b\u1ed5 kh\u00ed huy\u1ebft, \u0111i\u1ec1u h\u00f2a kinh nguy\u1ec7t, h\u1ed7 tr\u1ee3 h\u1ea1n ch\u1ebf bi\u1ec3u hi\u1ec7n r\u1ed1i lo\u1ea1n do ti\u1ec1n m\u00e3n kinh<\/div>\n<div><\/div>\n<div><strong>\u0110\u1ed1i t\u01b0\u1ee3ng d\u00f9ng:<\/strong><\/div>\n<div><\/div>\n<div>&#8211; ph\u1ee5 n\u1eef kinh nguy\u1ec7t kh\u00f4ng \u0111\u1ec1u, c\u00e1c ch\u1ee9ng \u0111au m\u1ecfi l\u01b0ng, \u0111au b\u1ee5ng kinh<br \/>\n&#8211; n\u1eef gi\u1edbi sau 30 tu\u1ed5i, tu\u1ed5i ti\u1ec1n m\u00e3n kinh v\u00e0 m\u00e3n kinh v\u1edbi bi\u1ec3u hi\u1ec7n: tinh th\u1ea7n m\u1ec7t m\u1ecfi, c\u01a1 th\u1ec3 suy nh\u01b0\u1ee3c, h\u1ed3i h\u1ed9p kh\u00f3 ch\u1ecbu, nh\u1ee9c \u0111\u1ea7u m\u1ea5t ng\u1ee7, hoa m\u1eaft ch\u00f3ng m\u1eb7t, \u00f9 tai b\u1ed1c h\u1ecfa<\/p>\n<p><strong>C\u00e1ch d\u00f9ng:<br \/>\n<\/strong><br \/>\nNg\u00e0y u\u1ed1ng 2 l\u1ea7n, m\u1ed7i l\u1ea7n 2 vi\u00ean v\u00e0o s\u00e1ng, tr\u01b0a. M\u1ed7i \u0111\u1ee3t d\u00f9ng li\u00ean t\u1ee5c 3 th\u00e1ng<br \/>\nL\u01b0u \u00fd: kh\u00f4ng d\u00f9ng cho ph\u1ee5 n\u1eef c\u00f3 thai, kh\u00f4ng d\u00f9ng cho ng\u01b0\u1eddi \u0111ang ti\u00eau ch\u1ea3y, t\u00e1o b\u00f3n, ti\u1ec3u ti\u1ec7n d\u1eaft<\/div>\n<div><\/div>\n<div>S\u1ed1 CBHQ: 5284\/2018\/\u0110KSP<br \/>\nS\u1ed1 XNQC: s\u1ed1 00227\/2019\/ATTP-XNQC<\/p>\n<p>Ch\u00fa \u00fd: s\u1ea3n ph\u1ea9m n\u00e0y kh\u00f4ng ph\u1ea3i l\u00e0 thu\u1ed1c v\u00e0 kh\u00f4ng c\u00f3 t\u00e1c d\u1ee5ng thay th\u1ebf thu\u1ed1c ch\u1eefa b\u1ec7nh<\/p><\/div>\n<div><\/div>\n<div>S\u1ea3n ph\u1ea9m c\u1ee7a:\u00a0<strong>C\u00f4ng ty c\u1ed5 ph\u1ea7n d\u01b0\u1ee3c ph\u1ea9m PQA<\/p>\n<p><\/strong>* T\u00e1c d\u1ee5ng t\u00f9y theo c\u01a1 \u0111\u1ecba m\u1ed7i ng\u01b0\u1eddi<\/div>\n<\/div>\n<\/div>\n","protected":false},"excerpt":{"rendered":"<p>B\u1ed3i b\u1ed5 nguy\u00ean kh\u00ed, c\u00e2n b\u1eb1ng \u00e2m d\u01b0\u01a1ng<\/p>\n","protected":false},"featured_media":180,"comment_status":"open","ping_status":"closed","template":"","meta":[],"product_brand":[],"product_cat":[15],"product_tag":[],"class_list":{"0":"post-179","1":"product","2":"type-product","3":"status-publish","4":"has-post-thumbnail","6":"product_cat-sac-dep","8":"first","9":"instock","10":"featured","11":"shipping-taxable","12":"purchasable","13":"product-type-simple"},"yoast_head":"<!-- This site is optimized with the Yoast SEO plugin v27.6 - https:\/\/yoast.com\/product\/yoast-seo-wordpress\/ -->\n<title>PQA Ng\u1ecdc T\u1ed1 N\u1eef - Thu\u1ed1c Nam<\/title>\n<meta name=\"robots\" content=\"noindex, follow, max-snippet:-1, max-image-preview:large, max-video-preview:-1\" \/>\n<meta property=\"og:locale\" content=\"vi_VN\" \/>\n<meta property=\"og:type\" content=\"article\" \/>\n<meta property=\"og:title\" content=\"PQA Ng\u1ecdc T\u1ed1 N\u1eef - Thu\u1ed1c Nam\" \/>\n<meta property=\"og:description\" content=\"B\u1ed3i b\u1ed5 nguy\u00ean kh\u00ed, c\u00e2n b\u1eb1ng \u00e2m d\u01b0\u01a1ng\" \/>\n<meta property=\"og:url\" content=\"https:\/\/webthuocnam.vidoweb.vn\/?product=pqa-ngoc-to-nu\" \/>\n<meta property=\"og:site_name\" content=\"Thu\u1ed1c Nam\" \/>\n<meta property=\"article:modified_time\" content=\"2020-06-15T06:59:08+00:00\" \/>\n<meta property=\"og:image\" content=\"https:\/\/webthuocnam.vidoweb.vn\/wp-content\/uploads\/2020\/06\/pqa-ngoc-to-nu15822737391.jpg\" \/>\n\t<meta property=\"og:image:width\" content=\"600\" \/>\n\t<meta property=\"og:image:height\" content=\"400\" \/>\n\t<meta property=\"og:image:type\" content=\"image\/jpeg\" \/>\n<meta name=\"twitter:card\" content=\"summary_large_image\" \/>\n<meta name=\"twitter:label1\" content=\"\u01af\u1edbc t\u00ednh th\u1eddi gian \u0111\u1ecdc\" \/>\n\t<meta name=\"twitter:data1\" content=\"3 ph\u00fat\" \/>\n<script type=\"application\/ld+json\" class=\"yoast-schema-graph\">{\"@context\":\"https:\\\/\\\/schema.org\",\"@graph\":[{\"@type\":\"WebPage\",\"@id\":\"https:\\\/\\\/webthuocnam.vidoweb.vn\\\/?product=pqa-ngoc-to-nu\",\"url\":\"https:\\\/\\\/webthuocnam.vidoweb.vn\\\/?product=pqa-ngoc-to-nu\",\"name\":\"PQA Ng\u1ecdc T\u1ed1 N\u1eef - Thu\u1ed1c Nam\",\"isPartOf\":{\"@id\":\"https:\\\/\\\/webthuocnam.vidoweb.vn\\\/#website\"},\"primaryImageOfPage\":{\"@id\":\"https:\\\/\\\/webthuocnam.vidoweb.vn\\\/?product=pqa-ngoc-to-nu#primaryimage\"},\"image\":{\"@id\":\"https:\\\/\\\/webthuocnam.vidoweb.vn\\\/?product=pqa-ngoc-to-nu#primaryimage\"},\"thumbnailUrl\":\"https:\\\/\\\/webthuocnam.vidoweb.vn\\\/wp-content\\\/uploads\\\/2020\\\/06\\\/pqa-ngoc-to-nu15822737391.jpg\",\"datePublished\":\"2020-06-15T06:57:40+00:00\",\"dateModified\":\"2020-06-15T06:59:08+00:00\",\"breadcrumb\":{\"@id\":\"https:\\\/\\\/webthuocnam.vidoweb.vn\\\/?product=pqa-ngoc-to-nu#breadcrumb\"},\"inLanguage\":\"vi\",\"potentialAction\":[{\"@type\":\"ReadAction\",\"target\":[\"https:\\\/\\\/webthuocnam.vidoweb.vn\\\/?product=pqa-ngoc-to-nu\"]}]},{\"@type\":\"ImageObject\",\"inLanguage\":\"vi\",\"@id\":\"https:\\\/\\\/webthuocnam.vidoweb.vn\\\/?product=pqa-ngoc-to-nu#primaryimage\",\"url\":\"https:\\\/\\\/webthuocnam.vidoweb.vn\\\/wp-content\\\/uploads\\\/2020\\\/06\\\/pqa-ngoc-to-nu15822737391.jpg\",\"contentUrl\":\"https:\\\/\\\/webthuocnam.vidoweb.vn\\\/wp-content\\\/uploads\\\/2020\\\/06\\\/pqa-ngoc-to-nu15822737391.jpg\",\"width\":600,\"height\":400},{\"@type\":\"BreadcrumbList\",\"@id\":\"https:\\\/\\\/webthuocnam.vidoweb.vn\\\/?product=pqa-ngoc-to-nu#breadcrumb\",\"itemListElement\":[{\"@type\":\"ListItem\",\"position\":1,\"name\":\"Trang ch\u1ee7\",\"item\":\"https:\\\/\\\/webthuocnam.vidoweb.vn\\\/\"},{\"@type\":\"ListItem\",\"position\":2,\"name\":\"C\u1eeda h\u00e0ng\",\"item\":\"https:\\\/\\\/webthuocnam.vidoweb.vn\\\/?page_id=6\"},{\"@type\":\"ListItem\",\"position\":3,\"name\":\"S\u1eafc \u0111\u1eb9p\",\"item\":\"https:\\\/\\\/webthuocnam.vidoweb.vn\\\/?product_cat=sac-dep\"},{\"@type\":\"ListItem\",\"position\":4,\"name\":\"PQA Ng\u1ecdc T\u1ed1 N\u1eef\"}]},{\"@type\":\"WebSite\",\"@id\":\"https:\\\/\\\/webthuocnam.vidoweb.vn\\\/#website\",\"url\":\"https:\\\/\\\/webthuocnam.vidoweb.vn\\\/\",\"name\":\"Thu\u1ed1c Nam\",\"description\":\"\",\"potentialAction\":[{\"@type\":\"SearchAction\",\"target\":{\"@type\":\"EntryPoint\",\"urlTemplate\":\"https:\\\/\\\/webthuocnam.vidoweb.vn\\\/?s={search_term_string}\"},\"query-input\":{\"@type\":\"PropertyValueSpecification\",\"valueRequired\":true,\"valueName\":\"search_term_string\"}}],\"inLanguage\":\"vi\"}]}<\/script>\n<!-- \/ Yoast SEO plugin. -->","yoast_head_json":{"title":"PQA Ng\u1ecdc T\u1ed1 N\u1eef - Thu\u1ed1c Nam","robots":{"index":"noindex","follow":"follow","max-snippet":"max-snippet:-1","max-image-preview":"max-image-preview:large","max-video-preview":"max-video-preview:-1"},"og_locale":"vi_VN","og_type":"article","og_title":"PQA Ng\u1ecdc T\u1ed1 N\u1eef - Thu\u1ed1c Nam","og_description":"B\u1ed3i b\u1ed5 nguy\u00ean kh\u00ed, c\u00e2n b\u1eb1ng \u00e2m d\u01b0\u01a1ng","og_url":"https:\/\/webthuocnam.vidoweb.vn\/?product=pqa-ngoc-to-nu","og_site_name":"Thu\u1ed1c Nam","article_modified_time":"2020-06-15T06:59:08+00:00","og_image":[{"width":600,"height":400,"url":"https:\/\/webthuocnam.vidoweb.vn\/wp-content\/uploads\/2020\/06\/pqa-ngoc-to-nu15822737391.jpg","type":"image\/jpeg"}],"twitter_card":"summary_large_image","twitter_misc":{"\u01af\u1edbc t\u00ednh th\u1eddi gian \u0111\u1ecdc":"3 ph\u00fat"},"schema":{"@context":"https:\/\/schema.org","@graph":[{"@type":"WebPage","@id":"https:\/\/webthuocnam.vidoweb.vn\/?product=pqa-ngoc-to-nu","url":"https:\/\/webthuocnam.vidoweb.vn\/?product=pqa-ngoc-to-nu","name":"PQA Ng\u1ecdc T\u1ed1 N\u1eef - Thu\u1ed1c Nam","isPartOf":{"@id":"https:\/\/webthuocnam.vidoweb.vn\/#website"},"primaryImageOfPage":{"@id":"https:\/\/webthuocnam.vidoweb.vn\/?product=pqa-ngoc-to-nu#primaryimage"},"image":{"@id":"https:\/\/webthuocnam.vidoweb.vn\/?product=pqa-ngoc-to-nu#primaryimage"},"thumbnailUrl":"https:\/\/webthuocnam.vidoweb.vn\/wp-content\/uploads\/2020\/06\/pqa-ngoc-to-nu15822737391.jpg","datePublished":"2020-06-15T06:57:40+00:00","dateModified":"2020-06-15T06:59:08+00:00","breadcrumb":{"@id":"https:\/\/webthuocnam.vidoweb.vn\/?product=pqa-ngoc-to-nu#breadcrumb"},"inLanguage":"vi","potentialAction":[{"@type":"ReadAction","target":["https:\/\/webthuocnam.vidoweb.vn\/?product=pqa-ngoc-to-nu"]}]},{"@type":"ImageObject","inLanguage":"vi","@id":"https:\/\/webthuocnam.vidoweb.vn\/?product=pqa-ngoc-to-nu#primaryimage","url":"https:\/\/webthuocnam.vidoweb.vn\/wp-content\/uploads\/2020\/06\/pqa-ngoc-to-nu15822737391.jpg","contentUrl":"https:\/\/webthuocnam.vidoweb.vn\/wp-content\/uploads\/2020\/06\/pqa-ngoc-to-nu15822737391.jpg","width":600,"height":400},{"@type":"BreadcrumbList","@id":"https:\/\/webthuocnam.vidoweb.vn\/?product=pqa-ngoc-to-nu#breadcrumb","itemListElement":[{"@type":"ListItem","position":1,"name":"Trang ch\u1ee7","item":"https:\/\/webthuocnam.vidoweb.vn\/"},{"@type":"ListItem","position":2,"name":"C\u1eeda h\u00e0ng","item":"https:\/\/webthuocnam.vidoweb.vn\/?page_id=6"},{"@type":"ListItem","position":3,"name":"S\u1eafc \u0111\u1eb9p","item":"https:\/\/webthuocnam.vidoweb.vn\/?product_cat=sac-dep"},{"@type":"ListItem","position":4,"name":"PQA Ng\u1ecdc T\u1ed1 N\u1eef"}]},{"@type":"WebSite","@id":"https:\/\/webthuocnam.vidoweb.vn\/#website","url":"https:\/\/webthuocnam.vidoweb.vn\/","name":"Thu\u1ed1c Nam","description":"","potentialAction":[{"@type":"SearchAction","target":{"@type":"EntryPoint","urlTemplate":"https:\/\/webthuocnam.vidoweb.vn\/?s={search_term_string}"},"query-input":{"@type":"PropertyValueSpecification","valueRequired":true,"valueName":"search_term_string"}}],"inLanguage":"vi"}]}},"_links":{"self":[{"href":"https:\/\/webthuocnam.vidoweb.vn\/index.php?rest_route=\/wp\/v2\/product\/179","targetHints":{"allow":["GET"]}}],"collection":[{"href":"https:\/\/webthuocnam.vidoweb.vn\/index.php?rest_route=\/wp\/v2\/product"}],"about":[{"href":"https:\/\/webthuocnam.vidoweb.vn\/index.php?rest_route=\/wp\/v2\/types\/product"}],"replies":[{"embeddable":true,"href":"https:\/\/webthuocnam.vidoweb.vn\/index.php?rest_route=%2Fwp%2Fv2%2Fcomments&post=179"}],"wp:featuredmedia":[{"embeddable":true,"href":"https:\/\/webthuocnam.vidoweb.vn\/index.php?rest_route=\/wp\/v2\/media\/180"}],"wp:attachment":[{"href":"https:\/\/webthuocnam.vidoweb.vn\/index.php?rest_route=%2Fwp%2Fv2%2Fmedia&parent=179"}],"wp:term":[{"taxonomy":"product_brand","embeddable":true,"href":"https:\/\/webthuocnam.vidoweb.vn\/index.php?rest_route=%2Fwp%2Fv2%2Fproduct_brand&post=179"},{"taxonomy":"product_cat","embeddable":true,"href":"https:\/\/webthuocnam.vidoweb.vn\/index.php?rest_route=%2Fwp%2Fv2%2Fproduct_cat&post=179"},{"taxonomy":"product_tag","embeddable":true,"href":"https:\/\/webthuocnam.vidoweb.vn\/index.php?rest_route=%2Fwp%2Fv2%2Fproduct_tag&post=179"}],"curies":[{"name":"wp","href":"https:\/\/api.w.org\/{rel}","templated":true}]}}